 (81/d)/(3/(-12)). What is the tens digit of 4/(-12)*1*p?
2
Let z(v) = -v**2 - 7*v - 1. Let l be z(-7). What is the units digit of (-41)/(-41)*l*(-188)/2?
4
Let d(r) = -6*r**3 + 12*r**2 - 10*r - 84. What is the units digit of d(-8)?
6
Let j be (-2 + (7 - 3))*1. Suppose -3*x + 38 = -u, u - 4*u - 30 = -j*x. Suppose 0 = -5*h + d + x, 0 = h + 2*h - 2*d - 10. What is the units digit of h?
2
Suppose -4*m = -4*f - m + 15, 4*f - 7 = -5*m. Suppose -11 - 112 = -f*d. What is the units digit of d?
1
Suppose 14*t + 430 - 11364 = 0. What is the hundreds digit of t?
7
Let t(m) be the third derivative of m**6/60 - m**5/12 - m**4/12 + 2*m**3/3 - 38*m**2. What is the hundreds digit of t(5)?
1
Let o be (-22)/99 - 436/(-18). Let x be (o/(-5))/((-1)/5). Let f = x + -10. What is the tens digit of f?
1
Let q(a) = a**3 - 3*a**2 + 5*a - 7. Let k be q(3). What is the units digit of ((-18)/k)/((-3)/48)?
6
Suppose -8 = -4*z + 4, -3*p + 762 = -4*z. Suppose -2*d + p = 2*d - 2*x, 0 = 4*d - 4*x - 252. What is the tens digit of d?
6
Suppose -4*s - 2*r = -13 - 9, 20 = 2*s + 4*r. Suppose s*i - 40 = 148. What is the tens digit of i?
4
Let i(n) = 52*n**3 - 3*n**2 - 3*n - 1. Let z be i(-1). What is the units digit of (1/4*z)/(2/(-16))?
6
Let h(g) = -g**3 - 7*g**2 + 8*g + 5. Let o be h(-8). Suppose 152 = 5*y + 2*z, 4*y - o*z = 3*y + 25. What is the tens digit of y?
3
Suppose 1495 = x - 4*g, 3*g = 4*x + 5*g - 5890. What is the hundreds digit of x?
4
Let w = -378 - -682. What is the hundreds digit of w?
3
Suppose 0 = 5*i - 4*m - 9258, -3*i - 2*m + 5*m = -5553. What is the hundreds digit of i?
8
Suppose -13*c + 6219 = -4*c. What is the hundreds digit of c?
6
Let j = 154 - 150. Suppose -2*g = -3*l - 3*g + 242, 4 = -4*g. Suppose l = j*n - n. What is the tens digit of n?
2
Let d = -18 - -22. Suppose -3*s + p = 2*p - 101, -4*s + d*p + 140 = 0. Let a = -6 + s. What is the units digit of a?
8
Let s be 29*(1 + 3 - 2). What is the units digit of s - (0 + -2 + 1)?
9
Let c(v) be the first derivative of -5*v**2/2 + 65*v + 15. What is the units digit of c(0)?
5
Suppose 5*o + 104*u - 106*u = 14247, 0 = -o + 2*u + 2851. What is the units digit of o?
9
Suppose -3*p - 15 = -21. Suppose q + 32 = p*q + n, -3*q = n - 90. What is the units digit of q?
9
Suppose 3*l - 54 - 228 = 0. Let r = -44 + l. What is the tens digit of r?
5
Let d = -6 - -8. Suppose -a + 5*a = 60. Suppose -3*i - 3*l - a = -5*i, -5*i + 9 = d*l. What is the units digit of i?
3
Suppose 4*n - 2120 = -5*u, -5*u = -3*n - 7*u + 1590. What is the tens digit of n?
3
What is the units digit of (-60)/((-33)/(-22) + (-21)/6)?
0
Suppose -g - 5*o + 323 = 0, -g - 40 = 2*o - 372. What is the units digit of g?
8
Let l(h) = -h**3 - 9*h**2 - 2*h + 2. Let s = 8 - 6. Suppose -7*t = -s*t + 45. What is the units digit of l(t)?
0
Suppose 171 = -5*h - 19. Let y = -27 - h. Suppose -k + y = 2. What is the units digit of k?
9
Suppose 2*g - 10 = 0, 0 = -5*j - 5*g + 454 + 56. What is the tens digit of j?
9
Let o(v) = 4*v**2 + 14*v**2 - 2*v - 4*v**2. What is the units digit of o(-2)?
0
Let f = -1892 + 4049. What is the hundreds digit of f?
1
Let y = -1837 + 2854. What is the thousands digit of y?
1
Let l(z) = -z**2 + 12*z - 1. Let u be l(10). Let v = -16 + u. Suppose -x = -v*x + 54. What is the units digit of x?
7
Let i(v) = 3*v**2 - 30*v + 36. Let j(r) = r**2 - 10*r + 12. Let f(k) = 3*i(k) - 8*j(k). What is the tens digit of f(16)?
0
Let k be 2 + 2 + (2 - -16). Suppose -q - q = -k. What is the tens digit of q?
1
Let q = -3 + -8. Let s(u) = 4*u - 6. Let h be s(-4). Let x = q - h. What is the tens digit of x?
1
Let x = 3642 + -882. What is the thousands digit of x?
2
Let p(v) = -5*v**3 - 9*v**2 - 2*v + 2. What is the tens digit of p(-6)?
7
Suppose -6*f + 6 = -3*f. Let o(x) = 0*x - 2 + x + 4*x - f*x + x**2. What is the units digit of o(3)?
6
Let w(i) = 3*i**2 + i + 2. Let t be w(-2). Let r be (-15)/(((-1)/(-2))/((-28)/(-56))). Let g = t - r. What is the tens digit of g?
2
Let m(i) = -7*i. Let g(c) = 20*c. Let q(r) = 3*g(r) + 8*m(r). Let l(f) = f**2 + 2. Let z be l(0). What is the units digit of q(z)?
8
Let t be 406/126 - (-4)/(-18). Suppose v = 3*p - 4 + t, 8 = -4*p - v. What is the units digit of 42/(-15)*(-9 + p)?
8
Suppose 2*x - 4*y = 3506, -y + 119 = 123. What is the thousands digit of x?
1
Let q(p) = p**2 - p - 14. Let a = -23 + 17. What is the tens digit of q(a)?
2
Let f(q) = -q**3 - 14*q**2 + 21*q - 39. Let s be f(-17). Suppose 5*w = k - 3*k + 162, 5*k = 4*w + s. What is the units digit of k?
1
Suppose a - 1322 = -3*n + n, 1992 = 3*n - 3*a. What is the hundreds digit of n?
6
Let a = -36 - -41. Suppose a*i + 3*b - 391 = 0, -i + 4*b - 393 = -6*i. What is the units digit of i?
7
Let q = -4087 + 7084. What is the units digit of q?
7
Suppose -67669 = -38*x + 22391. What is the tens digit of x?
7
Let p be 6 + 1 + -5 + 2. Suppose -3*o = o + 2*k + 256, -p*k - 71 = o. What is the units digit of o/21 - (1 - 6)?
2
Let f = 11 + -6. Suppose -109 + 24 = -f*c. What is the tens digit of c?
1
Let v(g) = g - 9. Let q be v(7). Let u be -21 + 2 + (-4)/4. What is the units digit of 10/u - 5/q?
2
Suppose 5*t = -l + 10*t + 840, -5*l = 5*t - 4080. What is the tens digit of l?
2
Let k = -197 - -113. Let i = 279 + k. What is the hundreds digit of i?
1
Let b = 6508 + -1958. What is the hundreds digit of b?
5
Let i(n) = -127*n**3 + 9*n**2 - 7*n + 5. Let k(s) = 63*s**3 - 5*s**2 + 4*s - 3. Let m(b) = -3*i(b) - 5*k(b). What is the tens digit of m(1)?
6
Let t(y) = 3*y + 5 + 10*y**3 - 5*y**2 - 11*y**3 - 22. Let f be t(-6). Let p = 13 + f. What is the tens digit of p?
1
Suppose 4*h + 4*y = -3312, -2*h + 0*h = 5*y + 1668. Let n = -573 - h. What is the units digit of n?
1
Suppose -11 = -4*j + 2*i - 3, -5*j - 3*i = -32. Suppose j*t - 3*o - 330 = t, 3*t - 5*o = 322. What is the hundreds digit of t?
1
Let i(o) = 5*o**3 + 2*o - 1. Suppose -10*k + 4 = -6*k. What is the units digit of i(k)?
6
Let p be 1/((2/(-58))/1). Let i = -40 - p. Let f = -9 - i. What is the units digit of f?
2
What is the tens digit of 1/((-3 - -1)/(-646))?
2
What is the hundreds digit of 219/45 + -5 + 4277/15?
2
Let i(x) = x**3 - 3*x**2 + 5*x - 4. Let m be i(2). Suppose 3*j = -4*n + 107 + 41, m*j + 2*n - 102 = 0. What is the units digit of j?
6
Let g = -11 - 29. Let v = g + 86. What is the units digit of v?
6
Let q(v) = -5*v - 3. Let g be q(-11). Suppose -5*d = -d - g. Let p = 20 - d. What is the units digit of p?
7
Let u = 8 + -6. Suppose -u*d + 108 = 4*d. What is the tens digit of d?
1
Suppose 8 = 2*s - 2*b, -3*s + 0*b - 2*b = -2. Suppose 16 = s*f + 3*n, 4*n = -2*f - 0 + 16. What is the units digit of f?
8
Suppose -9*y = 1710 - 153. Let q = y + 259. What is the tens digit of q?
8
Let a = -77 - -119. Suppose 2*k - a = k. Suppose 0 = 3*l - k + 3. What is the tens digit of l?
1
Let c = -257 + 1515. What is the units digit of c?
8
Suppose 14170 = 4*r - 3*x, -21*x = -16*x - 10. What is the tens digit of r?
4
Let p = -27 + 9. Let c = p + 8. What is the units digit of 1/(-2) - 85/c?
8
Suppose -1 = f, 4*f - 4 + 0 = -2*d. Suppose 5*m - r = 71, -d*m = -4*r - 0*r - 44. What is the units digit of m?
5
Suppose 8*d + 420 = 9*d + u, 3*d + 5*u = 1260. What is the tens digit of d?
2
Let l = 24 + -19. Suppose -l*q - 5*f + 470 = 0, 5*q + f - 149 = 317. What is the units digit of q?
3
Suppose -4*m - 5*w = -7*m + 3879, -w - 2593 = -2*m. What is the hundreds digit of m?
2
Suppose -3*m - 10 = -3*q + 2, 5*m - 4 = -3*q. Let d be (-1)/(-4) + 556/16. Suppose 0 = -2*i + 5*w + d, -i - q*w - 6 = -51. What is the tens digit of i?
3
Let c(q) = -q**3 + 13*q**2 + 3*q - 19. Let d be c(13). Let x = d + 122. What is the hundreds digit of x?
1
Suppose 0 = -26*s + 31854 - 4996. What is the units digit of s?
3
Suppose -5*j + 8 + 7 = 0. What is the units digit of 1/(-6)*j*-118?
9
Let i(v) = 7*v**2 - 8*v + 1. Let d be i(2). Let y be (8/(-10))/(1/(-5)). Let f = d + y. What is the tens digit of f?
1
Suppose -3*y + 5*v + 33 = 0, -7 - 8 = -5*v. Let w = y + 11. Suppose 0 = 3*p - 2*g - w, -4*p - 6*g + 36 = -g. What is the units digit of p?
9
What is the tens digit of (289/(-3))/((-41)/1353)?
7
What is the thousands digit of (-63)/105*9660/(-4)?
1
Suppose -2*q - 20 = -4*i, -17 = 4*q - 4*i + 11. Let m be 3 + ((-4)/q - 0). Suppose -5*p + 90 - 9 = 4*g, g - 36 = m*p. What i